, 3, 98221
List the prime factors of 24115041.
3, 2679449
What are the prime factors of 74210?
2, 5, 41, 181
What are the prime factors of 146463?
3, 48821
List the prime factors of 354998.
2, 7, 25357
What are the prime factors of 1853781?
3, 53, 89, 131
List the prime factors of 5182520.
2, 5, 7, 83, 223
List the prime factors of 149325.
3, 5, 11, 181
List the prime factors of 14475336.
2, 3, 227, 2657
What are the prime factors of 13370126?
2, 7, 11, 17, 5107
List the prime factors of 161898.
2, 3, 11, 223
List the prime factors of 204103.
53, 3851
What are the prime factors of 161995?
5, 179, 181
What are the prime factors of 999907?
999907
What are the prime factors of 2803006?
2, 41, 34183
What are the prime factors of 2352227?
2352227
List the prime factors of 1130099.
1130099
List the prime factors of 441013.
53, 157
List the prime factors of 6219800.
2, 5, 137, 227
List the prime factors of 358954.
2, 101, 1777
List the prime factors of 185480.
2, 5, 4637
List the prime factors of 86490.
2, 3, 5, 31
List the prime factors of 1461632.
2, 19, 601
What are the prime factors of 14844613?
7, 727, 2917
List the prime factors of 31135318.
2, 41, 379699
List the prime factors of 1466153.
13, 29, 3889
List the prime factors of 221182.
2, 13, 47, 181
List the prime factors of 451.
11, 41
What are the prime factors of 4282812?
2, 3, 118967
What are the prime factors of 11385246?
2, 3, 31, 61211
List the prime factors of 681121.
7, 97303
List the prime factors of 2739351.
3, 859, 1063
List the prime factors of 106962.
2, 3, 17827
List the prime factors of 143700.
2, 3, 5, 479
List the prime factors of 2688003.
3, 298667
What are the prime factors of 233154?
2, 3, 12953
What are the prime factors of 348239?
348239
What are the prime factors of 3936588?
2, 3, 17, 23, 839
List the prime factors of 712408.
2, 89051
What are the prime factors of 3171598?
2, 1585799
List the prime factors of 206886.
2, 3, 29, 41
List the prime factors of 3790764.
2, 3, 29, 3631
List the prime factors of 1743102.
2, 3, 179, 541
List the prime factors of 76398.
2, 3, 7, 17, 107
List the prime factors of 5146336.
2, 13, 89, 139
List the prime factors of 1934865.
3, 5, 19, 31, 73
What are the prime factors of 353591?
7, 50513
What are the prime factors of 60638?
2, 30319
What are the prime factors of 381909?
3, 11, 71, 163
List the prime factors of 5156678.
2, 17, 151667
What are the prime factors of 18550051?
13, 1426927
What are the prime factors of 11208130?
2, 5, 23, 48731
What are the prime factors of 1542898?
2, 7, 191, 577
What are the prime factors of 312823?
7, 23, 29, 67
What are the prime factors of 1690232?
2, 59, 3581
What are the prime factors of 1019002?
2, 29, 17569
List the prime factors of 99214.
2, 113, 439
What are the prime factors of 293449?
13, 22573
List the prime factors of 2218272.
2, 3, 7, 3301
What are the prime factors of 4916890?
2, 5, 11, 44699
List the prime factors of 516033.
3, 7, 8191
What are the prime factors of 1224517?
7, 174931
What are the prime factors of 241111?
13, 17, 1091
List the prime factors of 34460309.
13, 17, 211, 739
List the prime factors of 965204.
2, 227, 1063
What are the prime factors of 168447?
3, 56149
What are the prime factors of 77222?
2, 38611
What are the prime factors of 8142779?
17, 317, 1511
List the prime factors of 11415930.
2, 3, 5, 97, 3923
List the prime factors of 495599.
13, 67, 569
What are the prime factors of 117915?
3, 5, 7, 1123
List the prime factors of 119587.
13, 9199
List the prime factors of 400922.
2, 200461
What are the prime factors of 479026?
2, 17, 73, 193
List the prime factors of 272941.
23, 11867
What are the prime factors of 474583?
474583
What are the prime factors of 48886?
2, 24443
List the prime factors of 22612379.
373, 60623
List the prime factors of 28423928.
2, 13, 337, 811
What are the prime factors of 1074597?
3, 181, 1979
What are the prime factors of 6789657?
3, 7, 43, 73, 103
List the prime factors of 24306040.
2, 5, 11, 37, 1493
What are the prime factors of 1115110?
2, 5, 19, 5869
List the prime factors of 22486538.
2, 19, 591751
List the prime factors of 14938673.
43, 347411
What are the prime factors of 392163?
3, 37, 3533
What are the prime factors of 8482762?
2, 17, 347, 719
List the prime factors of 39810.
2, 3, 5, 1327
List the prime factors of 35189.
7, 11, 457
List the prime factors of 10559453.
797, 13249
List the prime factors of 1189619.
563, 2113
List the prime factors of 9776231.
739, 13229
List the prime factors of 182344.
2, 23, 991
What are the prime factors of 704116?
2, 7, 25147
What are the prime factors of 8434477?
8434477
What are the prime factors of 499925?
5, 19997
List the prime factors of 2068161.
3, 157, 4391
What are the prime factors of 19015468?
2, 173, 27479
List the prime factors of 635287.
635287
What are the prime factors of 13614902?
2, 7, 972493
List the prime factors of 17639943.
3, 227, 25903
What are the prime factors of 26214?
2, 3, 17, 257
What are the prime factors of 213542?
2, 7, 2179
List the prime factors of 36818242.
2, 59, 67, 4657
What are the prime factors of 10322563?
47, 219629
What are the prime factors of 432684?
2, 3, 7, 17, 101
What are the prime factors of 4915274?
2, 7, 13, 113, 239
List the prime factors of 22587.
3, 7529
What are the prime factors of 1948343?
1948343
List the prime factors of 217172.
2, 54293
What are the prime factors of 6090671?
6090671
What are the prime factors of 66144?
2, 3, 13, 53
What are the prime factors of 458302?
2, 13, 17627
List the prime factors of 320995.
5, 43, 1493
List the prime factors of 848993.
848993
List the prime factors of 916273.
916273
List the prime factors of 253259.
251, 1009
What are the prime factors of 10605737?
23, 461119
List the prime factors of 215243.
7, 97, 317
List the prime factors of 509463.
3, 18869
What are the prime factors of 524296?
2, 65537
What are the prime factors of 16369270?
2, 5, 1636927
What are the prime factors of 1903096?
2, 13, 29, 631
List the prime factors of 17115563.
61, 280583
What are the prime factors of 535938?
2, 3, 13, 6871
What are the prime factors of 269152?
2, 13, 647
List the prime factors of 9316517.
7, 19, 10007
List the prime factors of 2105754.
2, 3, 7, 181, 277
What are the prime factors of 157608?
2, 3, 11, 199
List the prime factors of 24387766.
2, 13, 937991
List the prime factors of 805684.
2, 11, 18311
What are the prime factors of 13843?
109, 127
List the prime factors of 64217.
64217
What are the prime factors of 34496?
2, 7, 11
List the prime factors of 294086.
2, 13, 11311
What are the prime factors of 88540?
2, 5, 19, 233
What are the prime factors of 3340608?
2, 3, 127, 137
What are the prime factors of 2427640?
2, 5, 137, 443
List the prime factors of 5947537.
127, 46831
What are the prime factors of 4086031?
4086031
What are the prime factors of 148603?
7, 13, 23, 71
What are the prime factors of 11479159?
463, 24793
List the prime factors of 2890625.
5, 37
What are the prime factors of 361351?
361351
List the prime factors of 594055.
5, 7, 11, 1543
List the prime factors of 11499248.
2, 718703
What are the prime factors of 10650463?
1667, 6389
List the prime factors of 1897697.
499, 3803
What are the prime factors of 226305?
3, 5, 47, 107
List the prime factors of 90620.
2, 5, 23, 197
What are the prime factors of 31484869?
13, 186301
List the prime factors of 12539326.
2, 6269663
List the prime factors of 5634082.
2, 61, 46181
What are the prime factors of 496685?
5, 7, 23, 617
What are the prime factors of 4826257?
607, 7951
What are the prime factors of 1472511?
3, 490837
What are the prime factors of 844135?
5, 17, 9931
What are the prime factors of 559943?
127, 4409
List the prime factors of 574614.
2, 3, 3547
What are the prime factors of 677334?
2, 3, 7, 16127
What are the prime factors of 1007033?
173, 5821
List the prime factors of 261505.
5, 52301
What are the prime factors of 75396?
2, 3, 61, 103
List the prime factors of 2725833.
3, 11, 82601
List the prime factors of 877378.
2, 193, 2273
What are the prime factors of 4302135?
3, 5, 95603
List the prime factors of 378214.
2, 19, 37, 269
What are the prime factors of 4959238?
2, 2479619
What are the prime factors of 116539?
116539
L